ousands digit of 77386294?
3
What is the thousands digit of 30576803?
6
What is the thousands digit of 2210885618?
5
What is the tens digit of 137996360?
6
What is the ten millions digit of 687288941?
8
What is the millions digit of 654005494?
4
What is the hundreds digit of 431499002?
0
What is the hundred millions digit of 2484559536?
4
What is the millions digit of 12623494?
2
What is the ten millions digit of 45728446?
4
What is the thousands digit of 101874926?
4
What is the ten thousands digit of 1492038723?
3
What is the millions digit of 22832632?
2
What is the units digit of 24666561?
1
What is the tens digit of 31454418?
1
What is the billions digit of 3028140545?
3
What is the millions digit of 24949732?
4
What is the hundreds digit of 2779284530?
5
What is the units digit of 123040126?
6
What is the hundred millions digit of 1235817252?
2
What is the hundred thousands digit of 176944558?
9
What is the hundreds digit of 2199242610?
6
What is the hundred thousands digit of 2414677977?
6
What is the thousands digit of 297776311?
6
What is the hundreds digit of 821728883?
8
What is the units digit of 6139022986?
6
What is the ten millions digit of 64098664?
6
What is the units digit of 24725660?
0
What is the ten thousands digit of 240395942?
9
What is the tens digit of 37315544?
4
What is the hundreds digit of 2586766976?
9
What is the billions digit of 1542060490?
1
What is the tens digit of 78716654?
5
What is the tens digit of 30698773?
7
What is the ten thousands digit of 114919694?
1
What is the hundred thousands digit of 60628523?
6
What is the hundreds digit of 235471024?
0
What is the ten millions digit of 291425903?
9
What is the thousands digit of 596336497?
6
What is the hundred millions digit of 525335108?
5
What is the hundred thousands digit of 112101241?
1
What is the thousands digit of 1195693975?
3
What is the thousands digit of 10648533?
8
What is the ten millions digit of 35772466?
3
What is the units digit of 7361550?
0
What is the ten millions digit of 1233450016?
3
What is the millions digit of 254487939?
4
What is the ten millions digit of 481747650?
8
What is the hundred thousands digit of 4469317643?
3
What is the thousands digit of 619836618?
6
What is the millions digit of 255961702?
5
What is the ten millions digit of 58743106?
5
What is the hundred thousands digit of 966788587?
7
What is the tens digit of 657011473?
7
What is the units digit of 102408722?
2
What is the units digit of 1276400748?
8
What is the ten thousands digit of 986548725?
4
What is the millions digit of 328202204?
8
What is the thousands digit of 5291373323?
3
What is the hundreds digit of 5324473711?
7
What is the hundred millions digit of 414108518?
4
What is the thousands digit of 327721627?
1
What is the units digit of 405737033?
3
What is the ten thousands digit of 121457005?
5
What is the ten millions digit of 92906532?
9
What is the ten millions digit of 465250385?
6
What is the thousands digit of 69607407?
7
What is the millions digit of 73052613?
3
What is the hundred thousands digit of 44127709?
1
What is the thousands digit of 1173215666?
5
What is the tens digit of 2077852829?
2
What is the hundred thousands digit of 500731339?
7
What is the hundred thousands digit of 82739953?
7
What is the ten millions digit of 214775295?
1
What is the millions digit of 1596222738?
6
What is the tens digit of 163525967?
6
What is the ten millions digit of 3307766012?
0
What is the units digit of 1454221222?
2
What is the units digit of 72203418?
8
What is the units digit of 217115967?
7
What is the millions digit of 73216674?
3
What is the units digit of 3834854759?
9
What is the hundred millions digit of 267525167?
2
What is the units digit of 383386610?
0
What is the hundreds digit of 901279217?
2
What is the tens digit of 431617415?
1
What is the tens digit of 1292729661?
6
What is the millions digit of 2111075605?
1
What is the hundred millions digit of 732719532?
7
What is the thousands digit of 25163137?
3
What is the millions digit of 28427817?
8
What is the thousands digit of 51709290?
9
What is the ten millions digit of 2890872496?
9
What is the tens digit of 304672721?
2
What is the hundred thousands digit of 425653300?
6
What is the hundreds digit of 257113218?
2
What is the ten millions digit of 40597413?
4
What is the thousands digit of 69578678?
8
What is the hundred millions digit of 375015960?
3
What is the thousands digit of 45361627?
1
What is the tens digit of 95173817?
1
What is the hundred thousands digit of 542882839?
8
What is the hundred millions digit of 256022445?
2
What is the hundreds digit of 159759361?
3
What is the hundred millions digit of 137632512?
1
What is the units digit of 13576061?
1
What is the units digit of 4670847864?
4
What is the units digit of 25862331?
1
What is the ten millions digit of 619664918?
1
What is the tens digit of 3104116819?
1
What is the hundreds digit of 1233326453?
4
What is the hundred thousands digit of 1240639889?
6
What is the ten millions digit of 67220475?
6
What is the tens digit of 6021063443?
4
What is the hundred thousands digit of 562852431?
8
What is the hundred thousands digit of 3936219251?
2
What is the hundreds digit of 7112276?
2
What is the thousands digit of 270029885?
9
What is the hundreds digit of 220890875?
8
What is the hundreds digit of 88714945?
9
What is the units digit of 25402236?
6
What is the hundred thousands digit of 278119160?
1
What is the thousands digit of 322332441?
2
What is the millions digit of 90963274?
0
What is the billions digit of 4158029161?
4
What is the ten thousands digit of 4387372978?
7
What is the billions digit of 2501712822?
2
What is the thousands digit of 211837135?
7
What is the billions digit of 2242718640?
2
What is the tens digit of 684101110?
1
What is the ten thousands digit of 1622670802?
7
What is the ten thousands digit of 44490436?
9
What is the hundred thousands digit of 3271621246?
6
What is the hundred thousands digit of 1061280695?
2
What is the tens digit of 88431379?
7
What is the thousands digit of 1796953667?
3
What is the hundreds digit of 65769144?
1
What is the ten millions digit of 78102044?
7
What is the hundred thousands digit of 732429337?
4
What is the ten thousands digit of 175937939?
3
What is the millions digit of 28227796?
8
What is the ten millions digit of 53012673?
5
What is the ten millions digit of 251799597?
5
What is the tens digit of 280098907?
0
What is the units digit of 312721998?
8
What is the hundred thousands digit of 59587208?
5
What is the units digit of 47759191?
1
What is the hundreds digit of 380477361?
3
What is the hundred thousands digit of 498889754?
8
What is the hundred millions digit of 1292047232?
2
What is the millions digit of 53774528?
3
What is the hundreds digit of 2841818993?
9
What is the tens digit of 34100967?
6
What is the hundred thousands digit of 6268008?
2
What is the hundreds digit of 980900080?
0
What is the tens digit of 1582575813?
1
What is the ten thousands digit of 467254734?
5
What is the ten thousands digit of 29440804?
4
What is the tens digit of 2572498?
9
What is the ten thousands digit of 168663589?
6
What is the millions digit of 36499780?
6
What is the ten millions digit of 6506336944?
0
What is the hundred thousands digit of 224282275?
2
What is the tens digit of 150262437?
3
What is the millions digit of 172106379?
2
What is the hundreds digit of 21964214?
2
What is the thousands digit of 40935760?
5
What is the ten thousands digit of 67568447?
6
What is the millions digit of 216948443?
6
What is the ten thousands digit of 7085524?
8
What is the units digit of 779368891?
1
What is the millions digit of 39167886?
9
What is the units digit of 215350144?
4
What is the hundreds digit of 5488055588?
5
What is the thousands digit of 31330397?
0
What is the millions digit of 79927076?
9
What is the thousands digit of 106685469?
5
What is the ten thousands digit of 222939738?
3
What is the units digit of 161685697?
7
What is the hundred millions digit of 346634964?
3
What is the hundreds digit of 7533044?
0
What is the ten millions digit of 1751610610?
5
What is the hundred millions digit of 1770242724?
7
What is the thousands digit of 1